 prime factors of 3650.
2, 5, 73
List the prime factors of 701.
701
List the prime factors of 29503.
163, 181
What are the prime factors of 24339?
3, 7, 19, 61
What are the prime factors of 31143?
3, 7, 1483
List the prime factors of 139.
139
List the prime factors of 4137.
3, 7, 197
What are the prime factors of 1241?
17, 73
List the prime factors of 29624.
2, 7, 23
List the prime factors of 27683.
19, 31, 47
List the prime factors of 1742.
2, 13, 67
List the prime factors of 1520.
2, 5, 19
What are the prime factors of 15860?
2, 5, 13, 61
What are the prime factors of 744?
2, 3, 31
List the prime factors of 10102.
2, 5051
List the prime factors of 7568.
2, 11, 43
List the prime factors of 73660.
2, 5, 29, 127
What are the prime factors of 30983?
30983
What are the prime factors of 8320?
2, 5, 13
What are the prime factors of 42778?
2, 73, 293
List the prime factors of 380.
2, 5, 19
What are the prime factors of 1926?
2, 3, 107
What are the prime factors of 2941?
17, 173
What are the prime factors of 182384?
2, 11399
What are the prime factors of 2866?
2, 1433
List the prime factors of 13250.
2, 5, 53
What are the prime factors of 7188?
2, 3, 599
List the prime factors of 16894.
2, 8447
List the prime factors of 198.
2, 3, 11
List the prime factors of 74154.
2, 3, 17, 727
What are the prime factors of 718?
2, 359
List the prime factors of 7258.
2, 19, 191
What are the prime factors of 2152?
2, 269
What are the prime factors of 62634?
2, 3, 11, 13, 73
List the prime factors of 73863.
3, 29, 283
What are the prime factors of 8879?
13, 683
List the prime factors of 186246.
2, 3, 3449
What are the prime factors of 596?
2, 149
What are the prime factors of 22633?
13, 1741
What are the prime factors of 93931?
29, 41, 79
What are the prime factors of 712?
2, 89
List the prime factors of 505.
5, 101
List the prime factors of 48496.
2, 7, 433
What are the prime factors of 2828?
2, 7, 101
List the prime factors of 175.
5, 7
What are the prime factors of 168864?
2, 3, 1759
What are the prime factors of 366?
2, 3, 61
List the prime factors of 1339.
13, 103
What are the prime factors of 2391?
3, 797
List the prime factors of 31750.
2, 5, 127
What are the prime factors of 1167?
3, 389
List the prime factors of 891.
3, 11
What are the prime factors of 3927?
3, 7, 11, 17
What are the prime factors of 1703?
13, 131
List the prime factors of 179.
179
What are the prime factors of 18320?
2, 5, 229
List the prime factors of 238.
2, 7, 17
What are the prime factors of 154435?
5, 67, 461
List the prime factors of 74407.
37, 2011
What are the prime factors of 892?
2, 223
What are the prime factors of 10302?
2, 3, 17, 101
What are the prime factors of 2910?
2, 3, 5, 97
What are the prime factors of 10150?
2, 5, 7, 29
List the prime factors of 389.
389
What are the prime factors of 6?
2, 3
What are the prime factors of 421?
421
List the prime factors of 1782.
2, 3, 11
What are the prime factors of 2049?
3, 683
List the prime factors of 1828.
2, 457
List the prime factors of 7312.
2, 457
What are the prime factors of 121406?
2, 60703
List the prime factors of 383.
383
What are the prime factors of 23249?
67, 347
List the prime factors of 48272.
2, 7, 431
List the prime factors of 1882.
2, 941
What are the prime factors of 21350?
2, 5, 7, 61
List the prime factors of 1947.
3, 11, 59
What are the prime factors of 17470?
2, 5, 1747
What are the prime factors of 14262?
2, 3, 2377
What are the prime factors of 4607?
17, 271
List the prime factors of 52268.
2, 73, 179
What are the prime factors of 819?
3, 7, 13
List the prime factors of 1855.
5, 7, 53
What are the prime factors of 12263?
12263
What are the prime factors of 5387?
5387
List the prime factors of 2005.
5, 401
List the prime factors of 14542.
2, 11, 661
List the prime factors of 232.
2, 29
List the prime factors of 55137.
3, 18379
What are the prime factors of 10984?
2, 1373
What are the prime factors of 23993?
23993
What are the prime factors of 2259?
3, 251
What are the prime factors of 84660?
2, 3, 5, 17, 83
List the prime factors of 23550.
2, 3, 5, 157
List the prime factors of 23.
23
List the prime factors of 383.
383
List the prime factors of 1637.
1637
List the prime factors of 2261.
7, 17, 19
What are the prime factors of 1511?
1511
List the prime factors of 112336.
2, 7, 17, 59
What are the prime factors of 336?
2, 3, 7
What are the prime factors of 794?
2, 397
List the prime factors of 29931.
3, 11, 907
List the prime factors of 98403.
3, 32801
List the prime factors of 251.
251
What are the prime factors of 14668?
2, 19, 193
What are the prime factors of 920?
2, 5, 23
What are the prime factors of 61137?
3, 6793
What are the prime factors of 7963?
7963
What are the prime factors of 502?
2, 251
What are the prime factors of 5207?
41, 127
List the prime factors of 619.
619
What are the prime factors of 15549?
3, 71, 73
What are the prime factors of 4953?
3, 13, 127
List the prime factors of 13870.
2, 5, 19, 73
What are the prime factors of 715?
5, 11, 13
What are the prime factors of 12783?
3, 4261
List the prime factors of 3546.
2, 3, 197
What are the prime factors of 962?
2, 13, 37
List the prime factors of 4756.
2, 29, 41
List the prime factors of 30074.
2, 11, 1367
List the prime factors of 34462.
2, 17231
What are the prime factors of 18857?
109, 173
What are the prime factors of 303?
3, 101
What are the prime factors of 2390?
2, 5, 239
What are the prime factors of 1040?
2, 5, 13
List the prime factors of 396.
2, 3, 11
List the prime factors of 13613.
13613
List the prime factors of 3695.
5, 739
List the prime factors of 14688.
2, 3, 17
List the prime factors of 1830.
2, 3, 5, 61
List the prime factors of 12867.
3, 4289
List the prime factors of 1075.
5, 43
What are the prime factors of 2133?
3, 79
What are the prime factors of 816?
2, 3, 17
List the prime factors of 4927.
13, 379
What are the prime factors of 23918?
2, 11959
List the prime factors of 31658.
2, 11, 1439
What are the prime factors of 87970?
2, 5, 19, 463
List the prime factors of 93.
3, 31
What are the prime factors of 26361?
3, 29, 101
What are the prime factors of 54223?
13, 43, 97
What are the prime factors of 6230?
2, 5, 7, 89
List the prime factors of 5279.
5279
What are the prime factors of 2134?
2, 11, 97
List the prime factors of 5007.
3, 1669
What are the prime factors of 14086?
2, 7043
What are the prime factors of 2479?
37, 67
List the prime factors of 1760.
2, 5, 11
List the prime factors of 954.
2, 3, 53
What are the prime factors of 44075?
5, 41, 43
What are the prime factors of 86424?
2, 3, 13, 277
List the prime factors of 774.
2, 3, 43
What are the prime factors of 3926?
2, 13, 151
What are the prime factors of 953?
953
What are the prime factors of 31599?
3, 3511
List the prime factors of 483.
3, 7, 23
List the prime factors of 133886.
2, 66943
What are the prime factors of 8761?
8761
What are the prime factors of 2899?
13, 223
What are the prime factors of 74030?
2, 5, 11, 673
List the prime factors of 1171.
1171
List the prime factors of 3676.
2, 919
What are the prime factors of 4954?
2, 2477
What are the prime factors of 20096?
2, 157
What are the prime factors of 1477?
7, 211
List the prime factors of 40869.
3, 19, 239
What are the prime factors of 29863?
29863
What are the prime factors of 31504?
2, 11, 179
What are the prime factors of 48371?
48371
What are the prime factors of 9321?
3, 13, 239
List the prime factors of 116.
2, 29
List the prime factors of 263.
263
What are the prime factors of 4589?
13, 353
What are the prime factors of 35920?
2, 5, 449
What are the prime factors of 976?
2, 61
List the prime factors of 5480.
2, 5, 137
List the prime factors of 78705.
3, 5, 11, 53
List the prime factors of 16488.
2, 3, 229
What are the prime factors of 1055?
5, 211
List the prime factors of 10109.
11, 919
What are the prime factors of 13135?
5, 37, 71
What are the prime factors of 236?
2, 59
What are the prime factors of 1751?
17, 103
What are the prime factors of 29335?
5, 5867
What are the prime factors of 1449?
3, 7, 23
What are the prime factors of 5130?
2, 3, 5, 19
List the prime factors of 405.
3, 5
List the prime factors of 34101.
3, 421
List the prime factors of 75924.
2, 3, 19, 37
List the pri